**3 + 56*u**2 - 393*u - 80. What is l(14)?
-94
Let f(k) = 28*k**3 - 21*k**2 - 230*k + 899. Calculate f(4).
1435
Let o(z) = -4*z**3 - 225*z**2 - 115*z - 4027. Give o(-56).
-723
Let n(v) = -8068*v + 1516774. Give n(188).
-10
Let i(z) = 5096*z - 30689. Calculate i(6).
-113
Let v(f) = -f**2 - 245*f - 12099. Calculate v(-86).
1575
Let n(d) = 87*d - 2018. What is n(26)?
244
Let v(t) = t**3 - 319*t**2 + 22677*t + 726. Calculate v(107).
-23
Let q(s) = -21532*s + 64988. What is q(3)?
392
Let o(m) = 2*m**3 - 278*m**2 + 2827*m - 1474. Give o(128).
-66
Let q(i) = -2*i**2 + 27686*i - 221379. Give q(8).
-19
Let g(s) = -11*s**3 - 25*s**2 - 48*s - 213. Determine g(-4).
283
Let a(t) = -2*t**2 - 39124*t - 469213. Calculate a(-12).
-13
Let b(h) = 4*h**3 - 611*h**2 - 3946*h - 4620. What is b(159)?
-9
Let v(a) = a**3 + 36*a**2 + 184*a + 6904. Give v(-36).
280
Let r(o) = -321*o**2 + 2267*o - 131. Give r(7).
9
Let j(r) = -r**3 + 83*r**2 + 500*r - 219. What is j(-6)?
-15
Let m(s) = -1843*s - 15227. Give m(-8).
-483
Let y(p) = -p**3 - 41*p**2 - 436*p - 704. Give y(-23).
-198
Let b(o) = -1617*o - 63048. Calculate b(-39).
15
Let q(k) = 94*k + 11426. What is q(-114)?
710
Let z(y) = 1491*y - 21463. Give z(14).
-589
Let v(z) = -1027*z - 261874. What is v(-255)?
11
Let s(m) = 33131*m + 729080. Calculate s(-22).
198
Let l(f) = -f**3 + 583*f**2 - 1775*f + 356147. Determine l(581).
-6
Let g(u) = 2*u**3 - 233*u**2 - 359*u + 68. Determine g(118).
-522
Let r(t) = 3*t**2 + 10515*t - 2071227. Determine r(187).
-15
Let f(v) = -v**3 + 420*v**2 - 367*v - 21802. Calculate f(419).
-14
Let p(f) = 13*f**3 - 92*f**2 - 40*f + 324. What is p(7)?
-5
Let u(w) = -w**3 - 160*w**2 - 1063*w - 143708. Give u(-159).
28
Let n(y) = 27*y**2 - 138*y - 613. Calculate n(-5).
752
Let g(l) = -2*l**3 - 45*l**2 + 132*l - 143. Calculate g(-24).
-1583
Let d(n) = -4*n**3 + 94*n**2 - 496*n + 4348. Give d(20).
28
Let w(m) = 2*m**3 + 62*m**2 - 813*m - 27461. Calculate w(-28).
7
Let y(k) = 43*k**2 + 166*k - 7197. Calculate y(-15).
-12
Let j(p) = -547*p + 108308. Calculate j(198).
2
Let y(m) = 307662*m + 922978. Determine y(-3).
-8
Let p(z) = -9131*z + 146128. What is p(16)?
32
Let a(i) = i**2 + 28390*i - 312404. What is a(11)?
7
Let p(r) = -r**3 + 147*r**2 - 706*r - 709. Calculate p(142).
-141
Let c(y) = 5767*y + 668963. What is c(-116)?
-9
Let d(m) = 53666*m + 2736972. What is d(-51)?
6
Let h(t) = -6191*t - 4420408. Give h(-714).
-34
Let z(v) = -557*v - 41505. What is z(-74)?
-287
Let t(g) = -2*g**3 + 74*g**2 + 145*g + 231. Calculate t(39).
-198
Let j(q) = -q**2 - 446*q - 49626. Determine j(-224).
102
Let w(m) = -m**2 + 670*m - 29524. What is w(43)?
-2563
Let k(r) = 88003*r + 105. What is k(0)?
105
Let o(k) = 129*k - 4380. Determine o(37).
393
Let h(c) = 32319*c + 9921933. Calculate h(-307).
0
Let g(z) = -2*z**2 + 116*z + 225. Give g(-2).
-15
Let x(z) = z**3 + 103*z**2 - 1537*z - 183690. Calculate x(-100).
10
Let o(g) = 8*g**3 + 430*g**2 + 303*g - 791. Give o(-53).
4
Let l(b) = -17*b**3 + 611*b**2 + 42*b + 85. Give l(36).
301
Let f(l) = -58*l**2 + 4012*l + 327. Calculate f(70).
-3033
Let s(m) = 3*m**2 + 111*m + 235. Give s(-18).
-791
Let t(n) = -10*n**3 + 2*n**2 - 12*n - 28. Calculate t(-3).
296
Let b(t) = -t**2 + 525*t - 67859. What is b(230)?
-9
Let n(v) = 23*v**2 - 39611*v + 39610. What is n(1)?
22
Let d(k) = -141*k + 16837. Calculate d(125).
-788
Let g(j) = 10*j**2 + 1252*j + 32629. Give g(-37).
-5
Let v(u) = 4*u**2 + 526*u + 12750. Give v(-99).
-120
Let g(v) = -53*v**2 + 231*v - 250. Calculate g(2).
0
Let q(i) = i**3 + 25*i**2 + 162*i - 7. Give q(-16).
-295
Let v(u) = 1849*u + 292015. Determine v(-158).
-127
Let h(d) = 2101*d + 258425. Give h(-123).
2
Let g(p) = -41*p - 73. What is g(0)?
-73
Let t(k) = 55*k**2 + 74*k + 13. What is t(-3)?
286
Let h(i) = 325*i**2 - 29237*i - 1175. Calculate h(90).
-5
Let j(x) = 447*x + 407255. What is j(-911)?
38
Let a(z) = 423122*z + 25810429. Calculate a(-61).
-13
Let s(w) = w**3 - 156*w**2 + 314*w - 50. What is s(154)?
874
Let g(w) = -w**3 - 13*w**2 + 1331*w + 16147. Determine g(-12).
31
Let x(y) = -12*y**3 - 1655*y**2 + 137*y - 216. Determine x(-138).
-78
Let h(o) = 9*o**2 - 25*o + 133. Determine h(5).
233
Let z(h) = 87382*h + 437145. Calculate z(-5).
235
Let n(d) = -2*d**3 - 252*d**2 - 88*d + 4. What is n(0)?
4
Let f(s) = -14*s**2 + 13778*s + 39401. Give f(987).
-79
Let f(h) = 5872*h + 58599. Calculate f(-10).
-121
Let s(z) = z**3 + 6*z**2 - 478*z - 79. Calculate s(-25).
-4
Let g(r) = 1090*r**2 + 3*r + 1. What is g(-1)?
1088
Let t(l) = -l**3 - 63*l**2 + 991*l + 49. Calculate t(-76).
-179
Let w(c) = 3*c**3 - 13*c**2 + 60*c - 1673. Calculate w(9).
1
Let s(t) = -92*t**2 - 4592*t + 360. What is s(-50)?
-40
Let l(k) = 2*k**2 - 3541*k + 21255. Calculate l(6).
81
Let j(f) = -3010*f - 1465866. Determine j(-487).
4
Let o(s) = -10205*s**2 - 397994*s - 21. Give o(-39).
-60
Let p(q) = -q**2 + 553*q - 75117. Calculate p(313).
3
Let r(z) = -19*z**3 + 6*z**2 - 30*z + 61. What is r(5)?
-2314
Let o(i) = -274429*i - 548936. Determine o(-2).
-78
Let a(r) = -60*r**3 - 4078*r**2 + 223*r + 5915. Determine a(-68).
-1
Let v(g) = 17*g**2 + 2154*g - 640. What is v(-127)?
-5
Let l(t) = t**3 + 100*t**2 + 3630*t. Determine l(0).
0
Let t(x) = -368*x - 7412. What is t(-20)?
-52
Let p(a) = 4501*a + 36026. Calculate p(-8).
18
Let p(q) = 13*q**2 - 476*q - 3755. What is p(-8)?
885
Let w(s) = 41799*s + 1922746. Determine w(-46).
-8
Let s(c) = 5*c**2 - 11374*c + 11370. Determine s(1).
1
Let f(p) = -p**2 - 81823*p + 2291825. Calculate f(28).
-3
Let c(k) = 3*k**2 + 1020*k + 9920. Give c(-10).
20
Let f(a) = -a**2 + 131*a + 8570. What is f(-48)?
-22
Let f(r) = 162*r**2 + 15708*r - 397. Calculate f(-97).
185
Let g(w) = 16437*w - 5917319. What is g(360)?
1
Let b(y) = 3120*y - 87818. Determine b(28).
-458
Let w(m) = 8*m**2 - 101*m - 1251. Calculate w(-10).
559
Let a(j) = 392*j - 3899. What is a(10)?
21
Let a(y) = -y**2 + 1102*y + 52838. What is a(-46)?
30
Let v(a) = 432984*a + 9958633. Calculate v(-23).
1
Let w(j) = -622*j**2 + 98*j - 1. Determine w(0).
-1
Let d(k) = k**3 - 40*k**2 - 42*k + 159. Give d(41).
118
Let f(h) = -6*h**2 + 2117*h + 8547. Calculate f(-4).
-17
Let g(x) = 28977*x + 231822. Determine g(-8).
6
Let k(j) = -706*j**2 - 25424*j - 286. Give k(-36).
2
Let i(q) = -11*q**3 - 30*q**2 + 22*q + 8. Give i(1).
-11
Let w(v) = v**2 - 20*v - 144. Determine w(13).
-235
Let a(y) = -y**3 - 205*y**2 + 6836*y + 11638. Calculate a(-234).
-62
Let k(b) = -b**3 + 53*b**2 - 364*b - 330. Determine k(9).
-42
Let s(n) = n**2 - 5308*n - 1107290. Determine s(-201).
19
Let v(s) = -376*s - 936. Determine v(-3).
192
Let b(l) = 116*l - 479. What is b(0)?
-479
Let l(m) = -m**3 + 35*m**2 + 34*m + 55. Calculate l(34).
2367
Let z(m) = -4*m**3 - 22*m**2 + 3863*m + 30872. What is z(-8)?
608
Let i(g) = 289*g**2 + 2569*g - 383. Calculate i(-9).
-95
Let m(s) = -s**2 - 348*s - 9834. What is m(-31)?
-7
Let s(l) = 132498*l + 794991. What is s(-6)?
3
Let t(w) = -23*w**2 - 352*w - 78. Give t(-15).
27
Let o(m) = m**3 - 68*m**2 + 1045*m - 50. Give o(46).
1468
Let u(q) = -3*q**3 + 69*q**2 - 313*q - 38. Give u(5).
-253
Let g(i) = -2*i**2 - 121*i + 1861. Calculate g(-76).
-495
Let r(z) = 43*z - 3668. What is r(76)?
-400
Let y(s) = -7*s**3 + 139*s**2 - 523*s - 170. Calculate y(4).
-486
Let n(s) = 2*s**3 + 57*s**2 + 439*s + 11049. Calculate n(-28).
-459
Let u(h) = 83*h**2 + 853*h + 2122. Determine u(-6).
-8
Let y(r) = 52*r**2 + 345*r - 3217. What is y(9)?
4100
Let k(q) = 9*q**3 + 2326*q**2 - 1353*q - 15022. What is k(-259)?
0
Let y(w) = -222*w**2 + 3843*w + 2760. Calculate y(18).
6
Let y(q) = 1044*q + 11415. Give y(-11).
-69
Let z(g) = 3*g**2 - 1421*g - 34102. Give z(-24).
1730
Let a(f) = 7*f**2 - 89*f - 774. Calculate a(17).
-264
Let o(b) = -b**2 + 81*b + 424. Give o(64).
1512
Let m(i) = -i**2 + 12755*i + 345095. Give m(-27).
-19
Let n(x) = 2*x**2 - 185*x + 6907. Determine n(79).
4774
Let r(a) = -2*a**2 - 52*a - 203. What is r(0)?
-203
Let i(z) = -z**3 - 716*z**2 - 97191*z - 594. Determine i(-182).
-48
Let a(z) = -4*z**3 + 41*z**2 + 164*z - 276. Calculate a(13).
-3
Let y(u) = 108*u**2 - 8693*u + 4243. What is y(80)?
3
Let p(v) = v**2 + 167*v + 4738. Give p(-58).
-1584
Let f(y) = 1441*y - 2134. Give f(2).
748
Let h(u) = u**3 + 45*u**2 + 120*u + 9